 of o(17).
5, 2473
Let f(a) = -a**3 + 7*a**2 + 10*a - 11. Let i be f(8). Suppose -2*q + 3*g = 6, -q - 4*q = i*g - 10. Suppose 0*w - 6*w + 312 = q. List the prime factors of w.
2, 13
Let g be (3 + 1)*1/2. Let y be (-45)/(-12)*((-22)/(-3) - g). List the prime factors of (-28)/2*-14 - (-60)/y.
199
Suppose -5*v + 3*c + 36275 = -67814, -3*c = -3*v + 62445. List the prime factors of v.
2, 29, 359
Let i be 3/6*(-4 + 2). Let u be 18/12*i + (-7)/(-2). List the prime factors of (3 - (14 - u))*-7.
3, 7
Let n(d) = d**3 + 2*d**2 - 9 - 7*d**2 - 2*d**3 + 10*d. Let v be n(-9). Suppose w - v = -4*q - 2*w, -2*w + 222 = 4*q. List the prime factors of q.
2, 3
Let a(m) = m**3 + 22*m**2 + 6*m - 2. Let h be a(-20). Suppose 2208 = 10*s + h. What are the prime factors of s?
3, 17
Let n = 33 - 31. Suppose n = -2*c, 0*w + 2*c = -3*w + 679. What are the prime factors of w?
227
Suppose -24*l = -27*l + 12. Suppose l*v + 720 = 19*v. List the prime factors of v.
2, 3
Suppose -5*t = 7*q - 2*q + 490, 5*t = 4*q + 383. Let o = q - -542. What are the prime factors of o?
5, 89
Let q(a) = -101*a - 3. Let r be q(-1). Let p = r + 40. Suppose -z + 0 = -p. List the prime factors of z.
2, 3, 23
Let s(d) = 20*d**2 + 156*d + 115. Let p(r) = -7*r**2 - 52*r - 38. Let m(n) = 17*p(n) + 6*s(n). Let q be m(-20). List the prime factors of 3/9 + q/36*-3.
2, 5
Let z = 2 + -5. Let u(s) = -7*s + 22. Let b(i) = -18*i + 66. Let g(y) = 4*b(y) - 11*u(y). List the prime factors of g(z).
7
Let u = 7016 - 3480. List the prime factors of (-13 + u/(-48))*(-18)/1.
2, 3, 5, 13
Let o be (-15 - -5 - 7) + (0 - 1). Let b = o + 19. List the prime factors of b - 31/(-2)*6.
2, 47
Let s(z) = -25*z - 29. Let b(l) = 19*l - 15 - 6*l - 14*l - 11*l. Let v(h) = -5*b(h) + 3*s(h). List the prime factors of v(-13).
3, 61
Let s be -57*(-2)/14 - 22/154. Suppose -14 = -3*n - s. Suppose -n*o - 101 = -3*o. What are the prime factors of o?
101
Let g = 0 - -38. Let u = -87 + 148. Let j = u - g. List the prime factors of j.
23
Let h = -1002 + 1335. Let q = -659 - -460. Let c = h + q. List the prime factors of c.
2, 67
Let a = 33 - 25. Suppose -a - 274 = 6*o. Let s = o + 137. List the prime factors of s.
2, 3, 5
Suppose -3*q + q + 3*b + 32 = 0, 5*b + 20 = 0. Suppose -2*n - q = -4*i - 0*n, -i + 5*n = 20. What are the prime factors of (4/i)/(2/5)?
2
What are the prime factors of (-2090652)/(-47) + (-46)/(-1081)?
2, 23, 967
Suppose 0 = -43*z + 35*z + 24. Suppose 210 = c + j, z*c - 499 = 5*j + 123. What are the prime factors of c?
11, 19
Suppose -4*d - 920 = -8*d - 5*o, 209 = d - 4*o. Let b = d + -22. What are the prime factors of b?
7, 29
Let l(q) = 20*q**2 - 1443*q + 4 + 5 + 1439*q. What are the prime factors of l(-5)?
23
Let a be 18/((-4)/(4*-4)). Suppose -4*o = -4*z - 308 - a, -2*o = 5*z + 482. What are the prime factors of (z/10)/((-2)/15)?
2, 3
Let y(i) = 9*i - 43. Let g be y(18). Let k be (-374)/(-14) + 34/g. Suppose 290 = 28*b - k*b. List the prime factors of b.
2, 5, 29
Let c(l) = -77*l - 12. Let f be c(1). What are the prime factors of (f + -3 + 6)/((-2)/11)?
11, 43
Let x(t) = t**2 - 10*t - 5. Let p = -60 + 51. Let c be x(p). Let i = c + -70. List the prime factors of i.
2, 3
Let p = -16173 - -22936. What are the prime factors of p?
6763
Suppose 15076 = 5*z + k, -4*k = 45*z - 47*z + 6004. List the prime factors of z.
2, 11, 137
Let u = -385 - -377. List the prime factors of 616 + u/(-4)*(-10)/(-5).
2, 5, 31
Let z = 101 - 98. Suppose 3*a + 999 = 4*f + 4117, -5*a = -z*f - 5204. List the prime factors of a.
2, 521
Suppose 0 = -369*i + 365*i + 344. Let t(w) = 27*w + 6. Let j be t(6). Let z = j - i. What are the prime factors of z?
2, 41
Suppose 5*p - 5*b + 1 = -4, 5*p - 4*b = -6. Let d be (12/30)/(p/(-20)). Suppose 5*y = 3*r + 360, -5*r + 240 = d*y - 85. What are the prime factors of y?
3, 5
Let r be 11/(77/210)*(-4)/6. Let x be (-8)/20 + 1 + (-28)/r. What are the prime factors of ((-1)/x)/((-21)/10122)?
241
Let u be 58498/4 + -6*10/(-120). Suppose 0 = -34*k + 49*k - u. What are the prime factors of k?
3, 5, 13
Suppose -70*h + 120196 + 78760 + 262484 = 0. List the prime factors of h.
2, 103
Let d = -21039 - -31027. What are the prime factors of d?
2, 11, 227
Suppose 9*h - 352726 - 134435 = 0. List the prime factors of h.
3, 18043
What are the prime factors of 6/15 + (1914/55)/((-9)/(-13848))?
2, 41, 653
Suppose -3*t - 79 = 4*z, 25 = -z - t + 2*t. What are the prime factors of (-32527)/z + 6/12?
3, 17, 29
Let t be 48 - (11/7 + 24/56). Let w be -50*(-2)/8*t. Suppose -4*q = q - w. What are the prime factors of q?
5, 23
Suppose -p + 106669 = 2*v + 1486, 0 = 3*v - 3*p - 157752. What are the prime factors of v?
43, 1223
Let w = 59 - 1391. Let r = -857 - w. What are the prime factors of r?
5, 19
Let o(d) = 2462*d - 382. What are the prime factors of o(4)?
2, 4733
Suppose 0 = -4*j + 3*a - 7, 6*j - 30 = j - 4*a. Suppose -3 = -3*o + 3*k, -4*o - 9 = -j*k - 23. What are the prime factors of (-570)/(-9) - (-4)/o?
2
Let n be (-6)/(0 + 2) - -15*54. Let r = n - 532. What are the prime factors of r?
5, 11
Let j = -203 - -182. List the prime factors of -25*(-21)/15*(-36)/j.
2, 3, 5
Let c = -149 - -154. Suppose -2892 = -9*q + c*q. List the prime factors of q.
3, 241
List the prime factors of (3 + (78 - 0))*(0 + -10 + 225).
3, 5, 43
Suppose -11735 = -16*d + 61305. What are the prime factors of d?
5, 11, 83
List the prime factors of 4/56 - ((-30)/(-20) - (-824250)/(-49)).
2, 5, 29
Let j(k) = -k**2 + 14*k + 20. Let r be j(14). Let b(a) = 4*a - 46. What are the prime factors of b(r)?
2, 17
Let q(y) = y**3 - 10*y**2 - 3*y - 11. Let m(r) = 1. Let c(j) = m(j) - q(j). Let l be c(10). Suppose l = o + 5*o. What are the prime factors of o?
7
Let j = 352 + -657. Let a = j + 342. List the prime factors of a.
37
Suppose -50 = 4*z - 9*z. Let u be ((-54)/(-10) - (-6)/10) + -3. Suppose -u*w - 511 = -z*w. What are the prime factors of w?
73
Let j(a) = -a**2 - 12*a + 130. Let g be j(7). What are the prime factors of (196 - (1 + g))*1?
2, 3, 11
Suppose 124*s - 647081 - 745935 = 0. List the prime factors of s.
2, 41, 137
Let v(j) = -29*j - 231. Let h be v(-9). Suppose h + 75 = 3*f. List the prime factors of f.
5, 7
Suppose -3*s + 12*l - 10*l = -1478, -2*l = 2. Suppose -56*z - s = -60*z. List the prime factors of z.
3, 41
Let u be 4 + -3 + 16 + -16. Let b(h) = -h - 3. Let y be b(0). What are the prime factors of (-2)/u - (y + -150)?
151
List the prime factors of (6/4)/((-48)/(-171680)).
5, 29, 37
Let t(w) = 307*w**2 - 20*w - 32. Let l(q) = -7371*q**2 + 481*q + 767. Let k(d) = -6*l(d) - 143*t(d). What are the prime factors of k(-1)?
5, 13
Suppose 4*l - 8 = -3*j, -2*j + 4*l + 12 = -0*j. Suppose -7 = -j*n + 41. List the prime factors of (-279)/1*6/n*-2.
3, 31
Let w(y) = -5*y**2 + 6*y + 41. Let l(n) = 7*n**2 - 5*n - 42. Let b(s) = 3*l(s) + 4*w(s). List the prime factors of b(10).
2, 3, 19
Let m = -393 - -478. List the prime factors of (-9810)/4*(5 - m/15).
3, 5, 109
Let l be (1939/(-4) - 2)/(38/304). List the prime factors of (l/(-132))/((-1)/(-8)).
2, 59
Suppose -4 = 2*t - 4. Suppose 5*o = -5*i + 4449 + 916, -3*o + 3*i + 3207 = t. List the prime factors of o.
3, 7, 17
Let q(x) = x**3 - 44*x**2 + 82*x + 111. List the prime factors of q(54).
3, 47, 239
Let g(w) = 423*w - 2299. What are the prime factors of g(27)?
2, 4561
Suppose -4*n + 5*k + 23830 = 0, 5*k + 5170 + 780 = n. What are the prime factors of n?
2, 5, 149
Let q = -73 + 75. Suppose 4*a - q*a - 3*s = 5, 0 = a - 5*s + 1. Suppose a*p - 7 = z + 1, 48 = 5*z + 2*p. What are the prime factors of z?
2
List the prime factors of (-985)/40*26*(4 - (5 - -3)).
13, 197
Let s(c) = -c**2 + c + 11. Let w be s(-2). Suppose 666 - 2222 = -3*z + w*f, 5*z - 3*f = 2588. What are the prime factors of z?
11, 47
Suppose -a - 3*d = -527, 0*a - 2*d - 1581 = -3*a. List the prime factors of (-1)/2 + a/2.
263
Let q = 587 + -644. Suppose 196 = 2*f - 0. Let w = f + q. List the prime factors of w.
41
Let b be (-4)/90*-3 - 140/(-75). List the prime factors of (9*(-305)/(-6))/(b/4).
3, 5, 61
Let z(u) = 877*u**2 - 66*u - 123. List the prime factors of z(-2).
3517
Let d(h) = -250*h**3 + 18*h**2 + 25*h - 7. List the prime factors of d(-5).
2, 1973
Let a = 10357 + -2821. List the prime factors of a.
2, 3, 157
Suppose -7*c + 2*c + 1660 = 0. Let k = 45 - 